{"id":3254,"date":"2020-09-19T13:26:34","date_gmt":"2020-09-19T11:26:34","guid":{"rendered":"https:\/\/kunden.mymsdesign.de\/barm\/?page_id=3254"},"modified":"2020-09-19T13:28:46","modified_gmt":"2020-09-19T11:28:46","slug":"interview-mit-christopher-krebs","status":"publish","type":"page","link":"https:\/\/kunden.mymsdesign.de\/barm\/interview-mit-christopher-krebs\/","title":{"rendered":"Interview mit Christopher Krebs"},"content":{"rendered":"<p>[vc_row][vc_column]\n<div class=\"bp-element bp-element-image-box    demo-2 image-left color-1 layout-default\" >\n    <div class=\"pic\">\n    <div class=\"wrap-img\">\n        <div class=\"main-img\">\n            \n            \n\t\t\t<img  src=\"https:\/\/kunden.mymsdesign.de\/barm\/wp-content\/uploads\/2020\/09\/IMG_9476-scaled-426x426.jpg\"\n\t\t\t\t\t\t\t\t\t\t\t\t\t\t\t alt=\"IMG_9476\"\n\t\t\t\t\t\t\t\t\t\t\t\t\t\t\t class=\"\">\n\n\t\t\t        <\/div>\n\n        <div class=\"background\">\n            <span class=\"grey-bg small\"><\/span>\n            <span class=\"grey-bg big\"><\/span>\n\n            <span class=\"color-bg small\"><\/span>\n            <span class=\"color-bg normal\"><\/span>\n            <span class=\"color-bg big\"><\/span>\n        <\/div>\n\n        <div class=\"symbol\">\n                    <\/div>\n    <\/div>\n<\/div>\n\n<div class=\"text\">\n    <div class=\"wrap-content\">\n        <h3 class=\"title\">\n            Christopher Krebs, dualer Student im Studiengang Betriebswirtschaftslehre, berichtet \u00fcber seine Erfahrungen an der Berufsakademie Rhein-Main.        <\/h3>\n\n        <div class=\"content\">\n                    <\/div>\n    <\/div>\n<\/div><\/div>[\/vc_column][\/vc_row][vc_row][vc_column][vc_tta_accordion color=&#8221;white&#8221; c_icon=&#8221;&#8221; active_section=&#8221;1&#8243; collapsible_all=&#8221;true&#8221;][vc_tta_section i_icon_fontawesome=&#8221;fas fa-question-circle&#8221; add_icon=&#8221;true&#8221; title=&#8221;Warum hast Du Dich f\u00fcr ein duales Studium entschieden?&#8221; tab_id=&#8221;1600514248989-b82a9ad0-3970&#8243;][vc_column_text]Ich habe nach meinem Abitur zun\u00e4chst eine kaufm\u00e4nnische Ausbildung gemacht und im Anschluss erste Berufserfahrung gesammelt. Ich wollte dann jedoch meine Karrierelaufbahn weiter ausbauen und bin so auf das duale Studium gesto\u00dfen. Das Konzept eines dualen Studiums entsprach genau meinen Vorstellungen, da ich so Theorie und Praxis optimal miteinander verbinden konnte. Auch meine vorherige Ausbildung stellte hierbei kein Hindernis, sondern eher einen Vorteil dar. Au\u00dferdem gefiel mir der Gedanke unabh\u00e4ngig zu bleiben und w\u00e4hrend des Studiums Geld zu verdienen. Ein weiterer wichtiger Pluspunkt war, dass die \u00dcbernahmechancen h\u00f6her sind, da die Unternehmen die Studenten bereits w\u00e4hrend des Studiums vollst\u00e4ndig in die Unternehmensabl\u00e4ufe integrieren. [\/vc_column_text][\/vc_tta_section][vc_tta_section i_icon_fontawesome=&#8221;fas fa-question-circle&#8221; add_icon=&#8221;true&#8221; title=&#8221;Was gef\u00e4llt Dir am dualen Studium besonders?&#8221; tab_id=&#8221;1600514330797-47d78a14-aec7&#8243;][vc_column_text]Die Abwechslung; man erh\u00e4lt jede Praxisphase neue Einblicke in das Partnerunternehmen und lernt Arbeitsabl\u00e4ufe aus anderen Blickwinkeln kennen. Dar\u00fcber hinaus kann ich die Theoriephasen mit einer Klausur oder einer Pr\u00e4sentation abschlie\u00dfen und das Erlernte danach direkt in der Praxis anwenden. Vor allem Projektmanagement war hier eine gro\u00dfe Hilfe, um den Fachjargon in Unternehmen verstehen zu k\u00f6nnen.<\/p>\n<p>Ebenso finde ich die \u00fcberschaubare Gr\u00f6\u00dfe der Studiengruppen angenehmer als an einer Universit\u00e4t mit mehreren hundert Studenten pro Gruppe. Es entsteht eine angenehme Lernatmosph\u00e4re, mit pers\u00f6nlichen Kontakten zu Kommilitonen und Dozenten. Auch die jahrelange Praxiserfahrung der Dozenten tr\u00e4gt dazu bei, dass die Vorlesungen enorm vielf\u00e4ltig und interessant aufgebaut sind.<br \/>\n[\/vc_column_text][\/vc_tta_section][vc_tta_section i_icon_fontawesome=&#8221;fas fa-question-circle&#8221; add_icon=&#8221;true&#8221; title=&#8221;Welches Fach ist Dein Favorit?&#8221; tab_id=&#8221;1600514330529-df1e910d-002d&#8221;][vc_column_text]Das Studium ist sehr facettenreich und bietet eine Vielzahl an interessanten Themengebieten. Mich pers\u00f6nlich haben besonders die Module: Marketing und Kommunikation, Supply-Chain-Management sowie General Management interessiert, da hier der Grundstein f\u00fcr den Erhalt eines erfolgreichen Unternehmens gelegt wird. [\/vc_column_text][\/vc_tta_section][vc_tta_section i_icon_fontawesome=&#8221;fas fa-question-circle&#8221; add_icon=&#8221;true&#8221; title=&#8221;Wie funktioniert das mit dem Partnerunternehmen?&#8221; tab_id=&#8221;1600514323067-e18bdb0b-7842&#8243;][vc_column_text]Es gibt die M\u00f6glichkeit sich entweder \u00fcber die Berufsakademie auf eine ausgeschriebene Stelle bei einem der zahlreichen Partnerunternehmen zu bewerben oder man bewirbt sich direkt bei einem Partnerunternehmen und kommt so zum dualen Studium mit der BA Rhein-Main. In meinem Fall habe ich mich zuerst bei meinem Partnerunternehmen, der DiaSorin GmbH Deutschland, beworben und im Anschluss einen Studienvertrag unterschrieben.<\/p>\n<p>Der Studienablauf ist so gestaltet, dass alle 2 Monate zwischen Theoriephasen an der Berufsakademie und Praxisphasen im Partnerunternehmen ein Wechsel stattfindet. Viele Themen aus den Vorlesungen kann man somit sehr zeitnah auf die Praxis \u00fcbertragen, was eine gro\u00dfe Erleichterung f\u00fcr den Arbeitsalltag darstellt.<\/p>\n<p>F\u00fcr mich ist das duale Studium die optimale L\u00f6sung, eine gute Startposition innerhalb des Unternehmens erreichen zu k\u00f6nnen, da die w\u00e4hrend des Studiums gesammelte Praxiserfahrung von den Unternehmen sehr wertgesch\u00e4tzt wird.<br \/>\n[\/vc_column_text][\/vc_tta_section][\/vc_tta_accordion][\/vc_column][\/vc_row]<\/p>\n<input class=\"fooboxshare_post_id\" type=\"hidden\" value=\"3254\"\/>","protected":false},"excerpt":{"rendered":"<p>[vc_row][vc_column][\/vc_column][\/vc_row][vc_row][vc_column][vc_tta_accordion color=&#8221;white&#8221; c_icon=&#8221;&#8221; active_section=&#8221;1&#8243; collapsible_all=&#8221;true&#8221;][vc_tta_section i_icon_fontawesome=&#8221;fas fa-question-circle&#8221; add_icon=&#8221;true&#8221; title=&#8221;Warum hast Du Dich f\u00fcr ein duales Studium entschieden?&#8221; tab_id=&#8221;1600514248989-b82a9ad0-3970&#8243;][vc_column_text]Ich habe nach&#8230;<\/p>\n","protected":false},"author":1,"featured_media":0,"parent":0,"menu_order":0,"comment_status":"closed","ping_status":"closed","template":"","meta":{"ngg_post_thumbnail":0},"folder":[],"_links":{"self":[{"href":"https:\/\/kunden.mymsdesign.de\/barm\/wp-json\/wp\/v2\/pages\/3254"}],"collection":[{"href":"https:\/\/kunden.mymsdesign.de\/barm\/wp-json\/wp\/v2\/pages"}],"about":[{"href":"https:\/\/kunden.mymsdesign.de\/barm\/wp-json\/wp\/v2\/types\/page"}],"author":[{"embeddable":true,"href":"https:\/\/kunden.mymsdesign.de\/barm\/wp-json\/wp\/v2\/users\/1"}],"replies":[{"embeddable":true,"href":"https:\/\/kunden.mymsdesign.de\/barm\/wp-json\/wp\/v2\/comments?post=3254"}],"version-history":[{"count":3,"href":"https:\/\/kunden.mymsdesign.de\/barm\/wp-json\/wp\/v2\/pages\/3254\/revisions"}],"predecessor-version":[{"id":3259,"href":"https:\/\/kunden.mymsdesign.de\/barm\/wp-json\/wp\/v2\/pages\/3254\/revisions\/3259"}],"wp:attachment":[{"href":"https:\/\/kunden.mymsdesign.de\/barm\/wp-json\/wp\/v2\/media?parent=3254"}],"wp:term":[{"taxonomy":"folder","embeddable":true,"href":"https:\/\/kunden.mymsdesign.de\/barm\/wp-json\/wp\/v2\/folder?post=3254"}],"curies":[{"name":"wp","href":"https:\/\/api.w.org\/{rel}","templated":true}]}}