{"id":4861,"date":"2022-06-29T22:32:52","date_gmt":"2022-06-29T20:32:52","guid":{"rendered":"https:\/\/kunden.mymsdesign.de\/barm\/?page_id=4861"},"modified":"2022-06-29T22:32:52","modified_gmt":"2022-06-29T20:32:52","slug":"praxisnahe-vorlesungen","status":"publish","type":"page","link":"https:\/\/kunden.mymsdesign.de\/barm\/praxisnahe-vorlesungen\/","title":{"rendered":"Praxisnahe Vorlesungen"},"content":{"rendered":"<p>[vc_row][vc_column]\n<div class=\"bp-element bp-element-heading  align-left layout-1  \" >\n    \t<h3 class=\"title\"  style=\"text-transform:none; \">\n\tPraxisnahe Vorlesungen\t<\/h3>\n\n\n\n<\/div>[vc_column_text]Gro\u00dfe anonyme Vorlesungen mit \u00fcberf\u00fcllten H\u00f6rs\u00e4len gibt es an der BA nicht! Die Studiengruppen sind je nach Studiengang und Studienfach selten gr\u00f6\u00dfer als 25 bis 30 Studierende. Denn wir sind \u00fcberzeugt, dass durch kleinere Kursgruppen eine intensivere Betreuung und pers\u00f6nlichere Lernatmosph\u00e4re geschaffen werden kann, was wiederum die Lernqualit\u00e4t steigert.<\/p>\n<p>Zudem legen wir gro\u00dfen Wert darauf, dass es kein langweiliges Auswendiglernen von Theorie gibt. Unsere hochqualifizierten Dozenten aus der Wirtschaft halten besonders praxisnahe Vorlesungen mit zahlreichen Beispielen aus dem beruflichen Alltag. Das erh\u00f6ht das Verst\u00e4ndnis und die Nachvollziehbarkeit und es kann so sichergestellt werden, dass die Vorlesungen immer einen aktuellen Bezug haben. Sollten trotzdem einmal Fragen w\u00e4hrend der Vorlesung aufkommen, k\u00f6nnen diese dank der kleineren Kursgruppen direkt gekl\u00e4rt werden.[\/vc_column_text][\/vc_column][\/vc_row]<\/p>\n<input class=\"fooboxshare_post_id\" type=\"hidden\" value=\"4861\"\/>","protected":false},"excerpt":{"rendered":"<p>[vc_row][vc_column][vc_column_text]Gro\u00dfe anonyme Vorlesungen mit \u00fcberf\u00fcllten H\u00f6rs\u00e4len gibt es an der BA nicht! Die Studiengruppen sind je nach Studiengang und Studienfach&#8230;<\/p>\n","protected":false},"author":1,"featured_media":0,"parent":0,"menu_order":0,"comment_status":"closed","ping_status":"closed","template":"..\/public\/views\/revslider-page-template.php","meta":{"ngg_post_thumbnail":0},"folder":[138],"_links":{"self":[{"href":"https:\/\/kunden.mymsdesign.de\/barm\/wp-json\/wp\/v2\/pages\/4861"}],"collection":[{"href":"https:\/\/kunden.mymsdesign.de\/barm\/wp-json\/wp\/v2\/pages"}],"about":[{"href":"https:\/\/kunden.mymsdesign.de\/barm\/wp-json\/wp\/v2\/types\/page"}],"author":[{"embeddable":true,"href":"https:\/\/kunden.mymsdesign.de\/barm\/wp-json\/wp\/v2\/users\/1"}],"replies":[{"embeddable":true,"href":"https:\/\/kunden.mymsdesign.de\/barm\/wp-json\/wp\/v2\/comments?post=4861"}],"version-history":[{"count":1,"href":"https:\/\/kunden.mymsdesign.de\/barm\/wp-json\/wp\/v2\/pages\/4861\/revisions"}],"predecessor-version":[{"id":4862,"href":"https:\/\/kunden.mymsdesign.de\/barm\/wp-json\/wp\/v2\/pages\/4861\/revisions\/4862"}],"wp:attachment":[{"href":"https:\/\/kunden.mymsdesign.de\/barm\/wp-json\/wp\/v2\/media?parent=4861"}],"wp:term":[{"taxonomy":"folder","embeddable":true,"href":"https:\/\/kunden.mymsdesign.de\/barm\/wp-json\/wp\/v2\/folder?post=4861"}],"curies":[{"name":"wp","href":"https:\/\/api.w.org\/{rel}","templated":true}]}}