{"id":4863,"date":"2022-06-29T22:34:40","date_gmt":"2022-06-29T20:34:40","guid":{"rendered":"https:\/\/kunden.mymsdesign.de\/barm\/?page_id=4863"},"modified":"2022-06-29T22:34:40","modified_gmt":"2022-06-29T20:34:40","slug":"hochqualifizierte-absolventen-mit-erster-berufserfahrung","status":"publish","type":"page","link":"https:\/\/kunden.mymsdesign.de\/barm\/hochqualifizierte-absolventen-mit-erster-berufserfahrung\/","title":{"rendered":"Hochqualifizierte Absolventen mit erster Berufserfahrung"},"content":{"rendered":"<p>[vc_row][vc_column]\n<div class=\"bp-element bp-element-heading  align-left layout-1  \" >\n    \t<h3 class=\"title\"  style=\"text-transform:none; \">\n\tHochqualifizierte Absolventen mit erster Berufserfahrung\t<\/h3>\n\n\n\n<\/div>[vc_column_text]Der Fachkr\u00e4ftemangel ist allgegenw\u00e4rtig und f\u00fcr fast jedes Unternehmen ein Problem. Dar\u00fcber hinaus wird es immer schwieriger Personal zu finden, was gut ausgebildet ist \u2013 und das auf verschiedenen Ebenen. Denn f\u00fcr Unternehmen ist es heute umso wichtiger, dass ein Absolvent nicht nur qualitativ hochwertiges theoretisches Wissen mitbringt, sondern dieses im Betrieb direkt praktisch anwenden kann.<\/p>\n<p>Genau hier liegt der gro\u00dfe Vorteil des dualen Studiums! Die Kombination von Theorie und Praxis schafft einen echten Know-How-Vorteil, denn so kann der Studierende bereits w\u00e4hrend des Studiums das erlernte Wissen in der Praxis anwenden und festigen!<\/p>\n<p>Das duale System erm\u00f6glicht den Wechsel zwischen Theoriephasen an der Berufsakademie und Praxisphasen im Unternehmen in regelm\u00e4\u00dfigen Abst\u00e4nden von zwei Monaten in den Wirtschaftswissenschaften und drei Monaten in der Informationstechnologie. Das bedeutet, dass die Studierenden nicht nur wenige Tage, sondern immer einen l\u00e4ngeren Zeitraum t\u00e4glich im Unternehmen sind. Das wiederum bietet den Vorteil, dass sich Studierende in dieser Zeit voll und ganz auf ihre T\u00e4tigkeiten im Unternehmen konzentrieren und gut in Projekten oder im Tagesgesch\u00e4ft eingesetzt werden k\u00f6nnen, ohne dass sie nur an bestimmten Tagen mitwirken k\u00f6nnen. [\/vc_column_text][\/vc_column][\/vc_row]<\/p>\n<input class=\"fooboxshare_post_id\" type=\"hidden\" value=\"4863\"\/>","protected":false},"excerpt":{"rendered":"<p>[vc_row][vc_column][vc_column_text]Der Fachkr\u00e4ftemangel ist allgegenw\u00e4rtig und f\u00fcr fast jedes Unternehmen ein Problem. Dar\u00fcber hinaus wird es immer schwieriger Personal zu finden,&#8230;<\/p>\n","protected":false},"author":1,"featured_media":0,"parent":0,"menu_order":0,"comment_status":"closed","ping_status":"closed","template":"..\/public\/views\/revslider-page-template.php","meta":{"ngg_post_thumbnail":0},"folder":[138],"_links":{"self":[{"href":"https:\/\/kunden.mymsdesign.de\/barm\/wp-json\/wp\/v2\/pages\/4863"}],"collection":[{"href":"https:\/\/kunden.mymsdesign.de\/barm\/wp-json\/wp\/v2\/pages"}],"about":[{"href":"https:\/\/kunden.mymsdesign.de\/barm\/wp-json\/wp\/v2\/types\/page"}],"author":[{"embeddable":true,"href":"https:\/\/kunden.mymsdesign.de\/barm\/wp-json\/wp\/v2\/users\/1"}],"replies":[{"embeddable":true,"href":"https:\/\/kunden.mymsdesign.de\/barm\/wp-json\/wp\/v2\/comments?post=4863"}],"version-history":[{"count":1,"href":"https:\/\/kunden.mymsdesign.de\/barm\/wp-json\/wp\/v2\/pages\/4863\/revisions"}],"predecessor-version":[{"id":4864,"href":"https:\/\/kunden.mymsdesign.de\/barm\/wp-json\/wp\/v2\/pages\/4863\/revisions\/4864"}],"wp:attachment":[{"href":"https:\/\/kunden.mymsdesign.de\/barm\/wp-json\/wp\/v2\/media?parent=4863"}],"wp:term":[{"taxonomy":"folder","embeddable":true,"href":"https:\/\/kunden.mymsdesign.de\/barm\/wp-json\/wp\/v2\/folder?post=4863"}],"curies":[{"name":"wp","href":"https:\/\/api.w.org\/{rel}","templated":true}]}}